{"id":130,"date":"2024-03-22T16:06:42","date_gmt":"2024-03-22T16:06:42","guid":{"rendered":"https:\/\/club-concepcion.cl\/?page_id=130"},"modified":"2026-05-13T17:58:46","modified_gmt":"2026-05-13T17:58:46","slug":"junta-calificadora-y-disciplinaria","status":"publish","type":"page","link":"https:\/\/club-concepcion.cl\/?page_id=130","title":{"rendered":"Junta Calificadora y Disciplinaria"},"content":{"rendered":"\n<p><strong>Presidente<\/strong><\/p>\n\n\n\n<p>Don Leoncio Toro Araya<\/p>\n\n\n\n<p><strong>Miembros<\/strong><\/p>\n\n\n\n<p>Don Francisco Barriga Salinas<\/p>\n\n\n\n<p>Don Patricio Cabezas Osorio<\/p>\n\n\n\n<p>Don Hern\u00e1n Galleguillos Polanco<\/p>\n\n\n\n<p>Don Marco Jeria N\u00fa\u00f1ez<\/p>\n\n\n\n<p>Don Erwin Kopplin Orme\u00f1o<\/p>\n\n\n\n<p>Don M\u00e1ximo Lira D\u00edaz<\/p>\n\n\n\n<p>Don Cristi\u00e1n Maldonado Olivares<\/p>\n\n\n\n<p>Don Christian Paulsen Espejo-Pando<\/p>\n\n\n\n<p><\/p>\n","protected":false},"excerpt":{"rendered":"<p>Presidente Don Leoncio Toro Araya Miembros Don Francisco Barriga Salinas Don Patricio Cabezas Osorio Don Hern\u00e1n Galleguillos Polanco Don Marco Jeria N\u00fa\u00f1ez Don Erwin Kopplin Orme\u00f1o Don M\u00e1ximo Lira D\u00edaz Don Cristi\u00e1n Maldonado Olivares Don Christian Paulsen Espejo-Pando<\/p>\n","protected":false},"author":1,"featured_media":0,"parent":0,"menu_order":0,"comment_status":"closed","ping_status":"closed","template":"","meta":{"footnotes":""},"class_list":["post-130","page","type-page","status-publish","hentry"],"_links":{"self":[{"href":"https:\/\/club-concepcion.cl\/index.php?rest_route=\/wp\/v2\/pages\/130","targetHints":{"allow":["GET"]}}],"collection":[{"href":"https:\/\/club-concepcion.cl\/index.php?rest_route=\/wp\/v2\/pages"}],"about":[{"href":"https:\/\/club-concepcion.cl\/index.php?rest_route=\/wp\/v2\/types\/page"}],"author":[{"embeddable":true,"href":"https:\/\/club-concepcion.cl\/index.php?rest_route=\/wp\/v2\/users\/1"}],"replies":[{"embeddable":true,"href":"https:\/\/club-concepcion.cl\/index.php?rest_route=%2Fwp%2Fv2%2Fcomments&post=130"}],"version-history":[{"count":5,"href":"https:\/\/club-concepcion.cl\/index.php?rest_route=\/wp\/v2\/pages\/130\/revisions"}],"predecessor-version":[{"id":1103,"href":"https:\/\/club-concepcion.cl\/index.php?rest_route=\/wp\/v2\/pages\/130\/revisions\/1103"}],"wp:attachment":[{"href":"https:\/\/club-concepcion.cl\/index.php?rest_route=%2Fwp%2Fv2%2Fmedia&parent=130"}],"curies":[{"name":"wp","href":"https:\/\/api.w.org\/{rel}","templated":true}]}}