{"id":500,"date":"2025-04-03T13:58:27","date_gmt":"2025-04-03T13:58:27","guid":{"rendered":"https:\/\/club-concepcion.cl\/?page_id=500"},"modified":"2025-04-03T14:06:52","modified_gmt":"2025-04-03T14:06:52","slug":"vision-y-mision","status":"publish","type":"page","link":"https:\/\/club-concepcion.cl\/?page_id=500","title":{"rendered":"Visi\u00f3n y Misi\u00f3n"},"content":{"rendered":"\n<p class=\"has-text-align-center\"><strong>V<\/strong><strong>isi\u00f3n:<\/strong><\/p>\n\n\n\n<p class=\"has-text-align-center\">Ser el mejor lugar donde las personas y organizaciones honorables del Gran Concepci\u00f3n puedan juntarse para desarrollar sus actividades sociales, culturales, profesionales, empresariales y de esparcimiento, en un ambiente acogedor, de respeto, tradici\u00f3n y camarader\u00eda.<\/p>\n\n\n\n<p class=\"has-text-align-center\"><strong>Misi\u00f3n:<\/strong><\/p>\n\n\n\n<p class=\"has-text-align-center\">Entregar una experiencia inolvidable y entretenida a los socios, sus familiares y amigos al igual que a las organizaciones del Gran Concepci\u00f3n a trav\u00e9s de un Servicio de Gastronom\u00eda, Banqueter\u00eda, Bar y de Salones, desarrollado de manera eficiente y con altos est\u00e1ndares de calidad.<\/p>\n\n\n\n<p><\/p>\n\n\n\n<p class=\"has-text-align-center\"><em>El Directorio<\/em><\/p>\n","protected":false},"excerpt":{"rendered":"<p>Visi\u00f3n: Ser el mejor lugar donde las personas y organizaciones honorables del Gran Concepci\u00f3n puedan juntarse para desarrollar sus actividades sociales, culturales, profesionales, empresariales y de esparcimiento, en un ambiente acogedor, de respeto, tradici\u00f3n y camarader\u00eda. Misi\u00f3n: Entregar una experiencia inolvidable y entretenida a los socios, sus familiares y amigos [&hellip;]<\/p>\n","protected":false},"author":1,"featured_media":0,"parent":0,"menu_order":0,"comment_status":"closed","ping_status":"closed","template":"","meta":{"footnotes":""},"class_list":["post-500","page","type-page","status-publish","hentry"],"_links":{"self":[{"href":"https:\/\/club-concepcion.cl\/index.php?rest_route=\/wp\/v2\/pages\/500","targetHints":{"allow":["GET"]}}],"collection":[{"href":"https:\/\/club-concepcion.cl\/index.php?rest_route=\/wp\/v2\/pages"}],"about":[{"href":"https:\/\/club-concepcion.cl\/index.php?rest_route=\/wp\/v2\/types\/page"}],"author":[{"embeddable":true,"href":"https:\/\/club-concepcion.cl\/index.php?rest_route=\/wp\/v2\/users\/1"}],"replies":[{"embeddable":true,"href":"https:\/\/club-concepcion.cl\/index.php?rest_route=%2Fwp%2Fv2%2Fcomments&post=500"}],"version-history":[{"count":4,"href":"https:\/\/club-concepcion.cl\/index.php?rest_route=\/wp\/v2\/pages\/500\/revisions"}],"predecessor-version":[{"id":508,"href":"https:\/\/club-concepcion.cl\/index.php?rest_route=\/wp\/v2\/pages\/500\/revisions\/508"}],"wp:attachment":[{"href":"https:\/\/club-concepcion.cl\/index.php?rest_route=%2Fwp%2Fv2%2Fmedia&parent=500"}],"curies":[{"name":"wp","href":"https:\/\/api.w.org\/{rel}","templated":true}]}}